{"id":2,"date":"2020-08-13T05:03:22","date_gmt":"2020-08-13T05:03:22","guid":{"rendered":"http:\/\/atea.space\/blog\/?page_id=2"},"modified":"2022-06-14T14:57:45","modified_gmt":"2022-06-14T02:57:45","slug":"sample-page","status":"publish","type":"page","link":"https:\/\/atea.space\/content\/","title":{"rendered":"Home"},"content":{"rendered":"\n\n\n<div class=\"wp-block-group\"><div class=\"wp-block-group__inner-container\">\n<div class=\"blurbContainer\">\n      <div id=\"blurb1\" class=\"blurb\">\n\t<h2 class=\"lang-en\"><a href=\"javascript:navigate_to('digital-library-core')\">Core Content<\/a><\/h2>\n\t<h2 class=\"lang-mi\"><a href=\"javascript:navigate_to('digital-library-core')\">Ihirangi Matua<\/a><\/h2>\n\t<p class=\"lang-en\">\n        \u0100tea incorporates a broad collection process for a wide range\n\tof m\u0101tauranga. The \u0100tea Core develops a framework to store,\n\tprotect and share the m\u0101tauranga that is held in the\n\tCore. The Core is a fully searchable database of spoken,\n\twritten and visual content, developed and extending \n\tthe capabilities of the Open Source <a href=\"https:\/\/www.greenstone.org\">\n\t  Greenstone Digital Library<\/a> software.\n        <\/p>\n\t<p class=\"lang-mi\">\n          He wh\u0101rahi tonu te h\u0101tepe kohikohi a \u0100tea i ng\u0101 t\u016bmomo m\u0101tauranga wh\u0101nui rawa. Kei te Uho o \u0100tea he anga hei whakaputu, hei tiaki, hei tuari hoki i te m\u0101tauranga e puritia ana ki roto i te Uho r\u0101. Ka taea katoa te rapu ng\u0101 kupu tuku-\u0101-waha, ng\u0101 tuhituhinga me ng\u0101 ataata tirotiro ki te putunga Uho r\u0101. He mea waihanga t\u0113nei e h\u014drapa ai ng\u0101 \u0101heinga o te p\u016bmanawa  <a href=\"https:\/\/www.greenstone.org\">\n          Greenstone Digital Library<\/a>.\n       <\/p>\n      <\/div>\n\n      <div id=\"blurb2\" class=\"blurb\">\n\t<h2 class=\"lang-en\"><a href=\"javascript:navigate_to('te-reo-technology\/')\">Te Reo Technology<\/a><\/h2>\n\t<h2 class=\"lang-mi\"><a href=\"javascript:navigate_to('te-reo-technology\/')\">Te Reo Hangarau<\/a><\/h2>\n        <p class=\"lang-en\">\n\t  The development technologies and processes that use M\u0101ori-language data to ensure Human-Computer Interactions are performed using te reo M\u0101ori. The models draw upon Language Models and Deep-Learning based Artificial Intelligence techniques to deliver capabilities such as Text-to-Speech and Optical Character Recognition (OCR) for te reo.      \n        <\/p>\n        <p class=\"lang-mi\">\n\t  Ko ng\u0101 hangarau me ng\u0101 h\u0101tepe whakawhanake t\u0101uru ai i te raraunga Reo-M\u0101ori kia mahia ai te reo M\u0101ori ki roto i ng\u0101 p\u0101hekohekonga Tangata-Rorohiko. Ko nga tauira nei ka t\u014d mai i nga Tauira Reo me ng\u0101 tukanga Akoako-H\u014dhonu i ahu mai i te hangarau o te M\u014dhiotanga Horihori e taea ai ng\u0101 \u0101heinga p\u0113nei i te tuku Kuputuhi-hei-K\u014drero me te Whakaaetanga Tohu Whakaata (OCR) m\u014d te reo.      \n        <\/p>\n      <\/div>\n      \n      <div id=\"blurb3\" class=\"blurb\">\n\t<h2 class=\"lang-en\"><a href=\"javascript:navigate_to('realities\/')\">Realities<\/a><\/h2>\n\t<h2 class=\"lang-mi\"><a href=\"javascript:navigate_to('realities\/')\">T\u016bturutanga<\/a><\/h2>\n\n        <p class=\"lang-en\">\n\t  Research and development into delivering a M\u0101ori experience for presence, telepresence, and co-presence using virtual, augmented and mixed realities (VR, AR, and MR), controlled avatars for storytelling and immersed experiences from different locations.     \n        <\/p>\n        <p class=\"lang-mi\">\n\tKo te rangahau me te whanaketanga ki te whakarato wheako M\u0101ori m\u014d te aroaro, m\u014d te aroaro-whakaata (telepresence) me te noho tahi m\u0101 te whakamahi i te hangarau mariko, kua whakarahihia me ng\u0101 meka whakauru (VR me AR), he whakahaere atanga-tangata (avatar) ki te taki k\u014drero tuku iho me ng\u0101 wheako rumaki mai i ng\u0101 w\u0101hi rerek\u0113.      \n        <\/p>\n      <\/div>\n      \n      <div id=\"blurb4\" class=\"blurb\">\n\t<h2 class=\"lang-en\"><a href=\"javascript:navigate_to('tikanga\/')\">Tikanga<\/a><\/h2>\n        <h2 class=\"lang-mi\"><a href=\"javascript:navigate_to('tikanga\/')\">Tikanga<\/a><\/h2>\n        <p class=\"lang-en\">\n\t  Research on the impact of AI, VR &amp; AR, and ML on culture, language, time, space, place and knowledge. Issues of data governance, sovereignty, access, management, display and secondary use of M\u0101tauranga in \u0100tea are addressed from a Tikanga M\u0101ori perspective.\n        <\/p>\n\t<p class=\"lang-mi\">\n\t Ko te rangahau i ng\u0101 p\u0101nga o te AI, VR, AR me te ML ki te ahurea, te reo, te w\u0101, te takiw\u0101, te w\u0101hi me te m\u0101tauranga. Ko nga take k\u0101wanatanga i te raraunga, i te tino rangatiratanga, te urunga, te whakahaere, te whakaatu me te whakamahi tuarua i te M\u0101tauranga ki roto i a \u0100tea, e arohaehaetia ana m\u0101 te tirohanga o te Tikanga M\u0101ori. \n        <\/p>\n      <\/div>\n<\/div>\n<\/div><\/div>\n\n\n\n<p><\/p>\n","protected":false},"excerpt":{"rendered":"","protected":false},"author":1,"featured_media":0,"parent":0,"menu_order":0,"comment_status":"closed","ping_status":"open","template":"page-home.php","meta":[],"_links":{"self":[{"href":"https:\/\/atea.space\/content\/wp-json\/wp\/v2\/pages\/2"}],"collection":[{"href":"https:\/\/atea.space\/content\/wp-json\/wp\/v2\/pages"}],"about":[{"href":"https:\/\/atea.space\/content\/wp-json\/wp\/v2\/types\/page"}],"author":[{"embeddable":true,"href":"https:\/\/atea.space\/content\/wp-json\/wp\/v2\/users\/1"}],"replies":[{"embeddable":true,"href":"https:\/\/atea.space\/content\/wp-json\/wp\/v2\/comments?post=2"}],"version-history":[{"count":33,"href":"https:\/\/atea.space\/content\/wp-json\/wp\/v2\/pages\/2\/revisions"}],"predecessor-version":[{"id":173,"href":"https:\/\/atea.space\/content\/wp-json\/wp\/v2\/pages\/2\/revisions\/173"}],"wp:attachment":[{"href":"https:\/\/atea.space\/content\/wp-json\/wp\/v2\/media?parent=2"}],"curies":[{"name":"wp","href":"https:\/\/api.w.org\/{rel}","templated":true}]}}